mon divisor of k and v.
4
Let l(o) = o**3 + 4*o**2 - 12*o + 80. Let c be l(7). Calculate the highest common factor of c and 428.
107
Let d = 1422 - 1399. Calculate the greatest common factor of d and 1817.
23
Suppose -24 = -k - 7. Let m = -15 + k. Suppose 0 = w + m*w - 33. What is the greatest common factor of 11 and w?
11
Let s(x) = x**3 + x**2 + 20*x - 48. Let z be s(8). Calculate the greatest common divisor of z and 215.
43
Let f be (-5)/(-2)*(-462)/275*-10. What is the greatest common divisor of 12 and f?
6
Suppose -208 = -4*f - 3*s + 239, 4*f = -2*s + 442. What is the highest common factor of f and 81?
27
Let z = 53 - 44. Suppose -4*n = -8, 5*r + 7 - 47 = -5*n. Suppose -2*d + 3*d - r = 0. Calculate the highest common divisor of d and z.
3
Suppose 3*d - 2*l - 34 = 0, 2*l - 4*l + 6 = d. Suppose m + 7 - d = 0. Suppose m*z + 5*v + 8 = z, 1 = 3*z + v. What is the greatest common divisor of 1 and z?
1
Let h be (-84)/2*(6/(-4) - -1). Suppose -5*t = 4*b - 50, t + b - 3*b = -4. What is the greatest common divisor of h and t?
3
Suppose -5*y - 4*a = -31, 0 = 3*y + 3*a - 7*a + 7. Let g be 310/8 - y/(-12). What is the highest common factor of g and 52?
13
Let u(y) = 201*y**3 - y**2 + y - 1. Let n be u(1). Suppose 0 = -32*q + 120*q - 2200. What is the highest common factor of n and q?
25
Suppose -u = -2*i + 2 + 5, 0 = 2*u + i + 4. Let x be (6/9)/(6/(-9)). Let s = x - u. What is the highest common divisor of s and 5?
1
Let f be 39/(1 - -2) + 1. Suppose -4*l + 172 = -3*t, 234 = 2*t - 6*t + 3*l. Let a = t + 158. Calculate the highest common divisor of a and f.
14
Let y = 9180 - 9142. Let b = 23 + 40. Let k = b + -44. Calculate the highest common factor of y and k.
19
Suppose 4*z - 384 = 4*q + 2652, -3*z = -q - 2271. What is the greatest common factor of 7 and z?
7
Suppose -4*p + 13 = 5*v - 80, -4*p - 3*v + 91 = 0. What is the highest common divisor of 12 and p?
2
Let o = -30 - -225. Calculate the greatest common divisor of o and 3.
3
Let x = -17 + 72. Let p(f) = f**3 + 3*f**2 - f + 2. Suppose 0*n - n - 3 = 0. Let q be p(n). What is the highest common divisor of q and x?
5
Let j = -13 - -29. Suppose -5*a - 1 = -j. Let h be a*22/6 - -1. Calculate the highest common factor of 3 and h.
3
Let x = 4065 + -2843. What is the highest common factor of 26 and x?
26
Let b(t) = -t**3 + 14*t**2 + 18*t + 16. Let m be b(15). What is the highest common factor of 305 and m?
61
Suppose 55 = 4*l - 141. Suppose -l + 41 = -2*w. Let p(t) = -t**2 + 8*t - 5. Let m be p(7). Calculate the highest common factor of m and w.
2
Suppose -6*a + 3*a + 51 = 0. Let w = 41 + -38. Let b be 86 + (-1 - w)/4. Calculate the highest common factor of a and b.
17
Suppose 10*h = -9943 + 10023. Suppose -3*q + 155 - 59 = 0. What is the greatest common factor of h and q?
8
Let m = 52 - 27. Suppose 3*y = b - 6*b + m, -3*y - 15 = -3*b. Suppose 5*d - 318 = -h, 3*d - h - 186 = -y*d. What is the highest common factor of 9 and d?
9
Let p be 1/((-276)/140 + 4 - 2). Let a(d) = d - 10. Let w be a(7). Let v = w - -8. What is the greatest common divisor of p and v?
5
Let v = -4 - -3. Suppose -7*q + 55 = -22. Let l = v + q. Calculate the greatest common factor of l and 30.
10
Suppose 0 = 22*h - 16*h. Suppose 0*z - 2*q = 2*z - 234, z + 4*q - 120 = h. What is the greatest common factor of z and 29?
29
Suppose 9*x - 5474 = -25*x. What is the highest common divisor of x and 207?
23
Suppose -21 = -5*l - b - 4, -3*b - 1 = 2*l. Let x be (-3)/l + 16947/36. Let w be 2/(-6) - x/(-6). What is the highest common factor of w and 13?
13
Let b(c) = 41*c**3 + 2*c - 3. Let v be b(2). Let f(a) = 581*a - 5763. Let x be f(10). What is the greatest common factor of x and v?
47
Suppose -9*k + 10484 = 3761. What is the highest common factor of 83 and k?
83
Let z = 1196 + -980. Calculate the highest common factor of z and 168.
24
Let g(o) = o + 98. Let r be g(-16). What is the greatest common factor of 123 and r?
41
Suppose -21 = 5*u - 7*u - z, -51 = -4*u + z. Calculate the greatest common factor of 9 and u.
3
Let k(a) = -3*a - 1. Let v be k(-2). Let u = 238 + -138. Let c = u - 45. What is the highest common factor of v and c?
5
Suppose -5*j - 68 = -3*f + 237, f + j - 99 = 0. What is the highest common divisor of 80 and f?
20
Let u(m) = m**2 - 1. Let f be u(-4). Suppose -6 = 3*g, -3*y + 9 = 3*g - 0. Suppose -3*t + 2*t = -y. Calculate the greatest common factor of f and t.
5
Suppose 3*h + p - 2203 = 0, 10*h - 9*h + p - 733 = 0. What is the highest common factor of 630 and h?
105
Suppose 2*g = -3*v + 3*g + 330, 5*v - g - 552 = 0. Calculate the highest common factor of 481 and v.
37
Let k be ((-2)/4)/(1/(-1676)). Let n = k + -496. Calculate the greatest common factor of n and 38.
38
Let y(b) = 10*b - 26. Let v = 28 - 23. Let t be y(v). What is the highest common divisor of t and 6?
6
Suppose v + 2*d = 5*v - 24, 0 = 5*d - 20. Calculate the greatest common divisor of 20 and v.
4
Let t(c) = c + 35. Let i be 7 - 5 - (2 + 0). Let z be t(i). Suppose 0 = -3*l - 19 + 61. What is the highest common factor of z and l?
7
Let i = -2593 + 2669. What is the highest common factor of i and 19?
19
Let u be (46/6)/((-19)/(-1710)). Calculate the greatest common factor of u and 30.
30
Suppose -48*y = -54*y + 12. Let t be (-2)/(-3) + y/3*41. Calculate the highest common factor of 42 and t.
14
Let k = -19 - -33. Let f = k - 11. Suppose -4*o = -3*w - 199, f*o - 3*w = -8*w + 113. Calculate the highest common factor of o and 23.
23
Let z(h) = 2*h**2 - 5*h + 5. Let g be z(2). Suppose -58 = 3*o + 2*r - 179, 3*r - 117 = -g*o. Calculate the greatest common factor of 387 and o.
43
Let f(x) = x**2 + 4*x + 8. Let k be f(-6). Suppose 2 + k = t. Suppose -5*p + t = -3*p. Calculate the highest common factor of 110 and p.
11
Let f = 45 + -22. Let r = 108 - f. Suppose x - 44 + 217 = 5*j, 0 = -3*j - x + 99. Calculate the greatest common divisor of r and j.
17
Let n be (-8)/((-48)/10)*9. Calculate the greatest common divisor of 84 and n.
3
Let u(a) = -67*a + 3. Let j be u(-1). Let x(t) = -t**3 + 8*t**2 - 9*t + 3. Let k be x(7). Let g = k - -21. Calculate the greatest common divisor of g and j.
10
Let q(r) = 3*r + 15. Let o be q(-3). Let h be -14*((-7)/o - (-2)/(-6)). Calculate the highest common divisor of h and 3.
3
Let w(n) = -25*n + 5. Let v be w(-1). Calculate the highest common divisor of 140 and v.
10
Let c be 4 - (-1 - (-2 - -1)). Let d(u) be the third derivative of -u**4/8 + 4*u**3 - 6*u**2. Let n be d(-4). Calculate the highest common divisor of n and c.
4
Suppose -4*d - 2*f + 88 = 0, 5*f - 22 = d - 2*d. Let t = 424 - 270. Calculate the highest common divisor of d and t.
22
Let k(b) = 5*b + 36 + 2*b - 6*b. Let h be k(20). Calculate the highest common divisor of 8 and h.
8
Suppose 2*x = s + 17, 5*x = 9*x - s - 39. Let b(f) = -7 - 7*f - 2*f**2 + 4*f**2 - f**2. Let v be b(9). Calculate the greatest common divisor of v and x.
11
Let s be 183/427 + 582/14. Calculate the greatest common factor of s and 168.
42
Suppose 0 = -2*u + 9 + 15. Suppose -2*b + u = b. Suppose -b*f + 30 + 10 = 0. Calculate the greatest common divisor of f and 70.
10
Suppose x - 386 = 5*a, 3*a - 402 = 4*x - 5*x. Suppose 3*y - x = -y. Suppose 3*v + v - 69 = 5*k, -3*v + 5*k = -58. What is the highest common divisor of y and v?
11
Suppose -h - 7*v = -8*v - 22, -2*h + 4*v + 50 = 0. Calculate the highest common divisor of 608 and h.
19
Let v(t) = t + 11. Let o(r) = 2*r + 2. Let k be o(-13). Let g = 19 + k. Let m be v(g). Calculate the greatest common factor of 42 and m.
6
Suppose 2 = -2*m, 3 = -5*r - 5*m + 8. Suppose r*z = -4*x + 2, 2*x - 2*z - 5 = -x. Let k be (x/(3/(-888)))/(-2). What is the greatest common factor of 37 and k?
37
Suppose 0 = c - 2*q - 6, -3*q = 23 - 17. What is the greatest common divisor of c and 16?
2
Suppose 230 = 209*p - 207*p. Calculate the highest common divisor of 69 and p.
23
Let a(p) = p**3 - 11*p**2 + 18*p + 4. Let n be a(9). What is the highest common divisor of n and 64?
4
Let k be 1/((-3)/(105/(-5))) + -4. Let h = -1 - -2. Let n be -16*k/(-1)*h. What is the greatest common factor of n and 72?
24
Let w be (-5)/(39/130*(-10)/36). Suppose -5*z + 74 = -46. What is the highest common factor of w and z?
12
Let c be (-406)/(-6) + 18/54. Calculate the highest common factor of 12 and